 of k?
7
Let h(z) = -z**3 - 22*z**2 - 20*z + 12. Let d be h(-21). What is the units digit of d/6*(-264)/11?
6
Let f(a) = 2*a + 2. Let l be 1*16*(-3)/(-6). Let m be f(l). Let n = 4 + m. What is the tens digit of n?
2
Let o = -3 + 6. Suppose -o*u + 12 + 15 = 0. Suppose u*l = 4*l + 5. What is the units digit of l?
1
Suppose -7*d + 264 = -11*d. Let r = d - -133. What is the units digit of r?
7
Let d(g) be the first derivative of -g**4/4 - 19*g**3/3 - 17*g**2/2 + 22*g + 8. What is the units digit of d(-18)?
4
Suppose -24*n + 22*n - 10 = 0. What is the hundreds digit of (3516/30)/(-2)*n?
2
Let i(j) = -j**3 - 34*j**2 - 9*j - 161. What is the hundreds digit of i(-34)?
1
Suppose -26 = -5*a - 16. What is the tens digit of (1/a*2)/((-4)/(-208))?
5
Suppose -5*s + 14 - 4 = 0. Suppose 2*t + 11 = w + 5*t, -2*t - 22 = -s*w. Suppose 4*p - w - 5 = 0. What is the units digit of p?
4
Suppose 4*t = -t - 10. Let p(y) = y**3 + 8*y**2 + 14*y + 11. Let l be p(-5). What is the units digit of ((-2)/t)/(2/l)?
8
Let d = 18 + -13. Suppose -5*m + 90 = d*j - 185, -285 = -5*m - 3*j. What is the tens digit of m?
6
Let i(b) = -2*b**2 - 8*b + 1. Let w be i(-6). Let f(v) = -v**2 - 26*v - 33. What is the units digit of f(w)?
6
What is the units digit of (-9054)/(-11) - 4 - 2/22?
9
Let x be (-2 + -3)*14/(-35). Suppose -57 = -2*d - d + 5*t, d - 30 = -x*t. What is the tens digit of d?
2
Let m be 0 + 0 - 1 - -4. Let b be (6/(-18))/(m/(-27)). Suppose x = -t + 6, -b*t + 2 + 1 = -2*x. What is the units digit of x?
3
Suppose -2*a + 1720 = 2*n, -4*a + 3*n = 1007 - 4426. What is the units digit of a?
7
Suppose 6 = -71*i + 73*i. Suppose -i*f + 350 = 4*f. What is the units digit of f?
0
Suppose 2*r - 84*i - 4471 = -85*i, 0 = 5*i + 25. What is the hundreds digit of r?
2
Let l be (4 - -1)*14/(-7). Let j = 13 + l. Suppose 5*z - 24 = -j*t + 29, -5*t = z - 15. What is the units digit of z?
0
Let k be (1 + 2252/8)*36/15. Suppose 0*r + k = 4*q + 2*r, 2*q = r + 345. What is the units digit of q?
1
Let g(n) = n**3 - n + 1. Let d(s) = 9*s**3 + 2*s**2 - 3*s - 3. Let p(x) = -d(x) + 2*g(x). What is the hundreds digit of p(-3)?
1
Let g(l) = -l + 4*l + 0*l + 14*l + 1. Let f be g(18). Suppose 0 = -5*s + 2*s - 4*w + 193, -3*w = 5*s - f. What is the units digit of s?
9
Suppose -2*r = 2*x - r - 430, -1076 = -5*x - 3*r. Let i = x + -49. What is the units digit of i?
5
Suppose 0 = 6*l - 1126 - 650. What is the tens digit of 21/(-147) - l/(-14)?
2
Suppose f = -3*f + 1684. Suppose -8*v + f = 165. What is the tens digit of v?
3
Let j = 3506 + -2469. What is the tens digit of j?
3
Let c(u) = -7*u**3 - 4*u**2 + 7*u + 2. What is the hundreds digit of c(-3)?
1
Let r = 15 - 12. Suppose -r*n - n + 8 = 0. Suppose 0 = -3*b - 4*j + 22, 6*b + 5*j - 29 = n*b. What is the units digit of b?
6
Let l(n) = n**3 - 10*n**2 - 9*n - 11. Let g be l(11). Let p(o) = g*o - 9 - 4 + 14. What is the tens digit of p(2)?
2
Suppose 3*c - f - 5 = 0, -5*f + 9*f = c + 2. Suppose 66 = c*t - 18. What is the tens digit of t?
4
Suppose -n + 1 = -2. Suppose -p - n*t + 80 = -47, -5*t + 655 = 5*p. What is the tens digit of p?
3
Suppose 0 = -26*g + 22*g + 4192. What is the hundreds digit of g?
0
Let x(h) = 5*h. Suppose -95 = -2*m - 3*m. Suppose -m - 9 = -2*v. What is the units digit of x(v)?
0
Let m = 78 + -73. Suppose -449 = -3*h - m*g, h + g - 4*g - 145 = 0. What is the units digit of h?
8
Let t be ((-5)/2 + 3)/(2/8). Suppose 2*r - 2*n - 96 = n, -r - 3*n = -48. Suppose 0 = -2*f - t*m + 32, 0*m = -4*f + 4*m + r. What is the tens digit of f?
1
Suppose 708 = 4*t - 2*t + 4*g, -5*t + 1770 = g. What is the tens digit of t?
5
Suppose 220 = 12*q - 11*q. What is the hundreds digit of ((-3)/((-42)/q))/((-8)/(-56))?
1
What is the units digit of (-2)/(-4)*490720/80?
7
Let v = -7 - -7. What is the tens digit of (30 - v) + -4 + 3?
2
Let s be ((-6)/(-9))/((-10)/195). Let j(z) = 2*z**2 + 15*z - 3. What is the hundreds digit of j(s)?
1
Suppose 0 - 5 = -4*q - 3*u, -5*q + 2*u - 11 = 0. What is the units digit of 43 - q*(1 + 0)?
4
Suppose -14*z - 155 = -19*z. Let k = z + 140. What is the units digit of k?
1
Let i = -776 + 4301. What is the units digit of i?
5
Suppose 0 = 4*h - 8*h - 252. Let g = h - -681. What is the units digit of g/21 - 15/35?
9
Let x(a) = -37*a**2 - 6*a - 16. Let c(k) = 12*k**2 + 2*k + 5. Let i(j) = -8*c(j) - 3*x(j). What is the hundreds digit of i(-3)?
1
Let l(c) = c**2 + 4*c + 3. Let o be l(-2). Let j be 3/6*22 + o. What is the units digit of -3 + 5/(j/24)?
9
Let i = 470 - 203. Suppose 15*a + i = 16*a. What is the units digit of a?
7
Let h(o) be the first derivative of o**4/4 - 14*o**3/3 - o**2/2 + 19*o - 3. Let q be h(14). Suppose 3*c - q = 40. What is the tens digit of c?
1
Suppose 6*a + 1211 = 3*f + a, f - 417 = -5*a. What is the hundreds digit of f?
4
Suppose 3*w - 1491 = -3*c, 2*c + 3*w - 596 = 400. What is the units digit of c?
5
Let w(o) = 11*o**3 + 2*o**2 + 15*o - 56. What is the hundreds digit of w(6)?
4
Suppose -3*y - 1605 = -5*i, 5*i + 2*y - 2124 = -494. What is the hundreds digit of i?
3
Suppose -5*b = -4*b. Let z be (-7 - -12)*(1 - b). Suppose 0 = 6*y - z*y - 27. What is the units digit of y?
7
Let c be (2/6)/((-3)/(-666)). Suppose -3*x - 140 = -b, -3*b - c = -4*x - 504. What is the units digit of b?
6
What is the hundreds digit of -60*(1 + (-2992)/55)?
2
Let i be (30/40)/((-3)/(-8)). Suppose 0 = i*o - 162 - 68. What is the tens digit of o?
1
Let x be 4/(-24) + (-7)/(-6). Suppose 0 = h - 6 - x. Suppose -h*p + 2*p = -200. What is the tens digit of p?
4
Suppose -7*z = -3*z - 8. Suppose 0*l = -z*l + 106. What is the tens digit of l?
5
Let w = 90 - 559. Let y = 731 + w. What is the tens digit of y?
6
What is the tens digit of ((-1)/(-2))/((-16)/322112*-14)?
1
Let h = -468 - -3743. What is the hundreds digit of h?
2
Suppose 3*n - 8578 = -4*w, -86*w - n + 4290 = -84*w. What is the hundreds digit of w?
1
Suppose -5*m + m = -3720. What is the tens digit of m?
3
Let x be 190/25 - (-6)/(-10). Suppose t - 29 + x = 0. Suppose -z + t = 8. What is the tens digit of z?
1
What is the tens digit of (6/1)/((-16)/(-1112))?
1
Suppose c - 16 = -3*c. Suppose -c*u = -0*u + 80. What is the tens digit of (170/u)/((-2)/4)?
1
Let p(t) = -6*t + 2*t**2 - 62 + 54 + 2*t - 10*t. Let y be p(7). Let w(a) = -a**3 - 6*a**2 + 7*a - 6. What is the units digit of w(y)?
6
What is the hundreds digit of (-241 - -1)/((-3)/28)?
2
Suppose k - 4*y = 2*k - 430, -k + 448 = -5*y. What is the tens digit of k?
3
What is the units digit of 1 - 8 - 211*-3?
6
Suppose 0*o + 5*o = 0, 0 = -3*p - 2*o + 12. What is the units digit of (74/p)/(5/30)?
1
Let v(r) = -r**2 - 7*r. Suppose 0 = -4*y - 0*y - 4. Let b(q) = -5*q**2 + q. Let g be b(y). What is the units digit of v(g)?
6
Suppose -5*l + 5 = 0, -3*l = -4*s - 22 + 7. Let k be s/(-6 - -3)*5. Suppose k*h + 10 = 40. What is the units digit of h?
6
Let p be (-4)/6 - (-444)/18. Suppose -2*q - p = -6*q. What is the units digit of ((-264)/18)/((-4)/q)?
2
Let r be 3 + (-84)/30 - 58/(-10). Suppose z - 4 = r. What is the tens digit of z?
1
Let t = 328 + -173. Suppose t + 445 = 5*c. What is the tens digit of c?
2
Suppose 3*p - 3*c = 8*p - 7825, c + 3141 = 2*p. Suppose -10*f = -18*f + p. What is the tens digit of f?
9
Let b(o) = -o**3 + 5*o**2 + o - 1. Suppose z + 11 = -r + 4*z, 2*z = 6. Let n be r/11 - 105/(-33). What is the units digit of b(n)?
0
What is the tens digit of (-2 - -627) + (-42)/6?
1
Let p(y) = -2*y. Suppose -n + 55 = 5*m + 4*n, 3*m - 5*n - 9 = 0. Suppose -2*k = -5*h - 12, -h - m = k - 0. What is the units digit of p(h)?
8
Let j = 712 - 500. What is the tens digit of j?
1
Let d(s) = 23*s**2 + 61*s + 398. What is the thousands digit of d(-17)?
6
Suppose -m + 5 = 0, -i - 4*m = 4*i - 65. Let w be i/21 + (-22)/(-14). Suppose 5*v + w*v = 98. What is the units digit of v?
4
What is the tens digit of (-8)/(-20)*5*(-178)/(-4)?
8
Let f(u) = 31*u - 66. What is the tens digit of f(9)?
1
Let s be (0 - -3)/(-5 + 6). Suppose -4*i = -s*i + 9. Let l = -5 - i. What is the units digit of l?
4
Suppose 65*v - 57*v - 16456 = 0. What is the thousands digit of v?
2
Let u(j) = 4*j**2 - 7*j + 4 - 5*j**2 + 2*j**2 + 5. Let v be u(6). Suppose -2*a = v*a - 60. What is the units digit of a?
2
Let f = 9 - 6. Suppose f*q = q + 6. Suppose 2*j + 0*j = 2*u - 54, -q*u - 2*j 